{"id":12444,"date":"2016-07-17T15:42:25","date_gmt":"2016-07-17T14:42:25","guid":{"rendered":"http:\/\/www.paroisse-aucamville-st-loup-cammas.fr\/site\/?page_id=12444"},"modified":"2026-02-18T13:58:34","modified_gmt":"2026-02-18T12:58:34","slug":"liturgie","status":"publish","type":"page","link":"https:\/\/www.paroisse-aucamville-st-loup-cammas.fr\/site\/liturgie\/","title":{"rendered":"Equipe liturgique"},"content":{"rendered":"<p><div class=\"fusion-fullwidth fullwidth-box nonhundred-percent-fullwidth non-hundred-percent-height-scrolling\"  style='background-color: rgba(255,255,255,0);background-position: left top;background-repeat: no-repeat;padding-top:20px;padding-right:0px;padding-bottom:20px;padding-left:0px;border-top-width:0px;border-bottom-width:0px;border-color:#eae9e9;border-top-style:solid;border-bottom-style:solid;'><div class=\"fusion-builder-row fusion-row \"><div  class=\"fusion-layout-column fusion_builder_column fusion_builder_column_1_1  fusion-one-full fusion-column-first fusion-column-last 1_1\"  style='margin-top:0px;margin-bottom:10px;'>\n\t\t\t\t\t<div class=\"fusion-column-wrapper\" style=\"padding: 0px 0px 0px 0px;background-position:left top;background-repeat:no-repeat;-webkit-background-size:cover;-moz-background-size:cover;-o-background-size:cover;background-size:cover;\"  data-bg-url=\"\">\n\t\t\t\t\t\t<style type='text\/css'>.reading-box-container-1 .element-bottomshadow:before,.reading-box-container-1 .element-bottomshadow:after{opacity:0.70;}<\/style><div class=\"fusion-reading-box-container reading-box-container-1\" style=\"margin-top:0px;margin-bottom:84px;\"><div class=\"reading-box\" style=\"background-color:#f6f6f6;border-width:1px;border-color:#f6f6f6;border-top-width:3px;border-top-color:#ff9800;border-style:solid;\"><div class=\"reading-box-additional\">\n<h2>Chaque dimanche, la messe est c\u00e9l\u00e9br\u00e9e en diff\u00e9rentes \u00e9glises de l&rsquo;ensemble paroissial. Cinq \u00e9quipes de pr\u00e9paration de la liturgie se relaient pour permettre \u00e0 notre communaut\u00e9 de mieux c\u00e9l\u00e9brer la Foi de l\u2019Eglise. Et avec elles, autour de P\u00e8re Gibson, plusieurs autres services se mobilisent : \u00e9quipes paroissiales locales, animateurs de chant, chorale&#8230;<\/h2>\n<\/div><div class=\"fusion-clearfix\"><\/div><\/div><\/div><div class=\"fusion-clearfix\"><\/div>\n\n\t\t\t\t\t<\/div>\n\t\t\t\t<\/div><div  class=\"fusion-layout-column fusion_builder_column fusion_builder_column_2_3  fusion-two-third fusion-column-first 2_3\"  style='margin-top:0px;margin-bottom:20px;width:65.3333%; margin-right: 4%;'>\n\t\t\t\t\t<div class=\"fusion-column-wrapper\" style=\"padding: 0px 0px 0px 0px;background-position:left top;background-repeat:no-repeat;-webkit-background-size:cover;-moz-background-size:cover;-o-background-size:cover;background-size:cover;\"  data-bg-url=\"\">\n\t\t\t\t\t\t<div class=\"fusion-title title fusion-title-size-two\" style=\"margin-top:0px;margin-bottom:31px;\"><h2 class=\"title-heading-left\">L&rsquo;\u00e2me de nos c\u00e9l\u00e9brations dominicales<\/h2><div class=\"title-sep-container\"><div class=\"title-sep sep-double sep-solid\" style=\"border-color:#e0dede;\"><\/div><\/div><\/div><div class=\"fusion-text\"><p style=\"text-align: justify;\">Sur notre ensemble paroissial, nous comptons 6 petits groupes de fid\u00e8les qui s\u2019occupent de pr\u00e9parer les messes dominicales par le partage de la Parole, le choix de mouvements particuliers et des chants. Ces \u00e9quipes sont compos\u00e9es de fid\u00e8les venant de diff\u00e9rents villages et d&rsquo;horizons divers, ayant diff\u00e9rentes comp\u00e9tences dans l\u2019acte liturgique. Les \u00e9quipes liturgiques ont \u00e0 pr\u00e9parer toute la c\u00e9l\u00e9bration, mais \u00e0 chacun des acteurs principaux reviennent \u00ab seulement et totalement \u00bb les diff\u00e9rentes activit\u00e9s. Parmi ces diff\u00e9rents acteurs, les \u00e9quipes locales de chaque village s\u2019occupent de la mise en \u0153uvre de ces pr\u00e9parations : r\u00e9alisation des mouvements propos\u00e9s, fleurissement de l\u2019\u00e9glise en accord avec la liturgie, choix des lecteurs\u2026 Autre \u00e9l\u00e9ment important de la liturgie : l&rsquo;animation. Elle se doit d&rsquo;\u00eatre sobre et discr\u00e8te -la messe n&rsquo;est pas un spectacle- tout en soutenant la participation active de l&rsquo;assembl\u00e9e. Une \u00e9quipe d&rsquo;une dizaine de chantres (animateurs de chants), la chorale paroissiale, quatre musiciens organistes assurent cette fonction.<br \/>\nLes temps forts liturgiques (No\u00ebl, P\u00e2ques&#8230;) sont pr\u00e9par\u00e9s en \u00e9quipe ouverte, c\u2019est-\u00e0-dire, avec les CPL, les sacristains\/tines, les responsables de la chorale, les cat\u00e9chistes et responsables d\u2019aum\u00f4nerie, et bien s\u00fbr les pr\u00eatres.<\/p>\n<\/div><div class=\"fusion-clearfix\"><\/div>\n\n\t\t\t\t\t<\/div>\n\t\t\t\t<\/div><div  class=\"fusion-layout-column fusion_builder_column fusion_builder_column_1_3  fusion-one-third fusion-column-last 1_3\"  style='margin-top:0px;margin-bottom:20px;width:30.6666%'>\n\t\t\t\t\t<div class=\"fusion-column-wrapper\" style=\"padding: 0px 0px 0px 0px;background-position:left top;background-repeat:no-repeat;-webkit-background-size:cover;-moz-background-size:cover;-o-background-size:cover;background-size:cover;\"  data-bg-url=\"\">\n\t\t\t\t\t\t<span class=\"fusion-imageframe imageframe-none imageframe-1 hover-type-none\"><img loading=\"lazy\" src=\"http:\/\/www.paroisse-aucamville-st-loup-cammas.fr\/site\/wp-content\/uploads\/IMG_6845-E-800x600.jpg\" width=\"800\" height=\"600\" alt=\"\" title=\"Equipe liturgique\" class=\"img-responsive\"\/><\/span><div class=\"fusion-clearfix\"><\/div>\n\n\t\t\t\t\t<\/div>\n\t\t\t\t<\/div><\/div><\/div><div class=\"fusion-fullwidth fullwidth-box hundred-percent-fullwidth non-hundred-percent-height-scrolling\"  style='background-color: rgba(255,255,255,0);background-position: center center;background-repeat: no-repeat;padding-top:0px;padding-right:0px;padding-bottom:0px;padding-left:0px;'><div class=\"fusion-builder-row fusion-row \"><div  class=\"fusion-layout-column fusion_builder_column fusion_builder_column_1_1  fusion-one-full fusion-column-first fusion-column-last 1_1\"  style='margin-top:30px;margin-bottom:30px;'>\n\t\t\t\t\t<div class=\"fusion-column-wrapper\" style=\"padding: 0px 0px 0px 0px;background-position:left top;background-repeat:no-repeat;-webkit-background-size:cover;-moz-background-size:cover;-o-background-size:cover;background-size:cover;\"  data-bg-url=\"\">\n\t\t\t\t\t\t<div class=\"fusion-title title fusion-title-center fusion-title-size-two\" style=\"margin-top:0px;margin-bottom:31px;\"><div class=\"title-sep-container title-sep-container-left\"><div class=\"title-sep sep-single sep-solid\" style=\"border-color:#ff9800;\"><\/div><\/div><h2 class=\"title-heading-center\">Contacts<\/h2><div class=\"title-sep-container title-sep-container-right\"><div class=\"title-sep sep-single sep-solid\" style=\"border-color:#ff9800;\"><\/div><\/div><\/div><div class=\"fusion-clearfix\"><\/div>\n\n\t\t\t\t\t<\/div>\n\t\t\t\t<\/div><div  class=\"fusion-layout-column fusion_builder_column fusion_builder_column_1_5  fusion-one-fifth fusion-column-first 1_5\"  style='margin-top:0px;margin-bottom:20px;width:16.8%; margin-right: 4%;'>\n\t\t\t\t\t<div class=\"fusion-column-wrapper\" style=\"padding: 0px 0px 0px 0px;background-position:left top;background-repeat:no-repeat;-webkit-background-size:cover;-moz-background-size:cover;-o-background-size:cover;background-size:cover;\"  data-bg-url=\"\">\n\t\t\t\t\t\t<div class=\"fusion-person person fusion-person-left fusion-person-1 fusion-person-icon-top\"><div class=\"person-desc\"><div class=\"person-author\"><div class=\"person-author-wrapper\"><span class=\"person-name\"><\/span><span class=\"person-title\">Coordinatrice de l'\u00e9quipe<\/span><\/div><\/div><div class=\"person-content fusion-clearfix\">T\u00e9l\u00e9phone : <\/div><\/div><\/div><div class=\"fusion-clearfix\"><\/div>\n\n\t\t\t\t\t<\/div>\n\t\t\t\t<\/div><div  class=\"fusion-layout-column fusion_builder_column fusion_builder_column_1_5  fusion-one-fifth 1_5\"  style='margin-top:0px;margin-bottom:20px;width:16.8%; margin-right: 4%;'>\n\t\t\t\t\t<div class=\"fusion-column-wrapper\" style=\"padding: 0px 0px 0px 0px;background-position:left top;background-repeat:no-repeat;-webkit-background-size:cover;-moz-background-size:cover;-o-background-size:cover;background-size:cover;\"  data-bg-url=\"\">\n\t\t\t\t\t\t<div class=\"fusion-person person fusion-person-left fusion-person-2 fusion-person-icon-top\"><div class=\"person-shortcode-image-wrapper\"><div class=\"person-image-container hover-type-none person-rounded-overflow\" style=\"-webkit-border-radius:0px;-moz-border-radius:0px;border-radius:0px;border:0px solid #f6f6f6;-webkit-border-radius:0px;-moz-border-radius:0px;border-radius:0px;\"><img class=\"person-img img-responsive\" src=\"http:\/\/www.paroisse-aucamville-st-loup-cammas.fr\/site\/wp-content\/uploads\/Portrait-C.Tulliez.jpg\" alt=\"Christiane Thuilliez\" \/><\/div><\/div><div class=\"person-desc\"><div class=\"person-author\"><div class=\"person-author-wrapper\"><span class=\"person-name\">Christiane Thuilliez<\/span><span class=\"person-title\">Membre de l'\u00e9quipe<\/span><\/div><\/div><div class=\"person-content fusion-clearfix\">T\u00e9l\u00e9phone : 05 61 09 82 08<\/div><\/div><\/div><div class=\"fusion-clearfix\"><\/div>\n\n\t\t\t\t\t<\/div>\n\t\t\t\t<\/div><div  class=\"fusion-layout-column fusion_builder_column fusion_builder_column_2_5  fusion-two-fifth 2_5\"  style='margin-top:0px;margin-bottom:15px;width:37.6%; margin-right: 4%;'>\n\t\t\t\t\t<div class=\"fusion-column-wrapper\" style=\"padding: 0px 0px 0px 0px;background-position:left top;background-repeat:no-repeat;-webkit-background-size:cover;-moz-background-size:cover;-o-background-size:cover;background-size:cover;\"  data-bg-url=\"\">\n\t\t\t\t\t\t<div class=\"fusion-testimonials classic fusion-testimonials-1\" data-random=\"0\" data-speed=\"4000\"><style type=\"text\/css\" scoped=\"scoped\">#fusion-testimonials-1 a{border-color:#747474;}#fusion-testimonials-1 a:hover, #fusion-testimonials-1 .activeSlide{background-color: #747474;}.fusion-testimonials.classic.fusion-testimonials-1 .author:after{border-top-color:#f6f6f6 !important;}<\/style><div class=\"reviews\"><div class=\"review no-avatar\"><blockquote><q style=\"background-color:#f6f6f6;color:#747474;\" class=\"fusion-clearfix\">\u00ab La liturgie est consid\u00e9r\u00e9e comme l\u2019exercice de la fonction sacerdotale de J\u00e9sus Christ\u2026exercice dans lequel le culte public int\u00e9gral est exerc\u00e9 par le corps mystique de J\u00e9sus Christ, c\u2019est-\u00e0-dire par le chef et par ses membres\u00bb (SC n\u00b07)<\/p>\n<p>\u00ab Les actions liturgiques ne sont pas des actions priv\u00e9es, mais des c\u00e9l\u00e9brations de l\u2019Eglise qui est le sacrement de l\u2019unit\u00e9\u00bb. (SC n\u00b026)<\/q><\/blockquote><div class=\"author\" style=\"color:#747474;\"><span class=\"company-name\"><strong>Sacrosanctum Concilium<\/strong><\/span><\/div><\/div><\/div><\/div><div class=\"fusion-clearfix\"><\/div>\n\n\t\t\t\t\t<\/div>\n\t\t\t\t<\/div><\/div><\/div><\/p>\n","protected":false},"excerpt":{"rendered":"","protected":false},"author":1,"featured_media":0,"parent":0,"menu_order":0,"comment_status":"closed","ping_status":"closed","template":"","meta":[],"_links":{"self":[{"href":"https:\/\/www.paroisse-aucamville-st-loup-cammas.fr\/site\/wp-json\/wp\/v2\/pages\/12444"}],"collection":[{"href":"https:\/\/www.paroisse-aucamville-st-loup-cammas.fr\/site\/wp-json\/wp\/v2\/pages"}],"about":[{"href":"https:\/\/www.paroisse-aucamville-st-loup-cammas.fr\/site\/wp-json\/wp\/v2\/types\/page"}],"author":[{"embeddable":true,"href":"https:\/\/www.paroisse-aucamville-st-loup-cammas.fr\/site\/wp-json\/wp\/v2\/users\/1"}],"replies":[{"embeddable":true,"href":"https:\/\/www.paroisse-aucamville-st-loup-cammas.fr\/site\/wp-json\/wp\/v2\/comments?post=12444"}],"version-history":[{"count":13,"href":"https:\/\/www.paroisse-aucamville-st-loup-cammas.fr\/site\/wp-json\/wp\/v2\/pages\/12444\/revisions"}],"predecessor-version":[{"id":20991,"href":"https:\/\/www.paroisse-aucamville-st-loup-cammas.fr\/site\/wp-json\/wp\/v2\/pages\/12444\/revisions\/20991"}],"wp:attachment":[{"href":"https:\/\/www.paroisse-aucamville-st-loup-cammas.fr\/site\/wp-json\/wp\/v2\/media?parent=12444"}],"curies":[{"name":"wp","href":"https:\/\/api.w.org\/{rel}","templated":true}]}}

<p><div class="fusion-fullwidth fullwidth-box nonhundred-percent-fullwidth non-hundred-percent-height-scrolling"  style='background-color: rgba(255,255,255,0);background-position: left top;background-repeat: no-repeat;padding-top:20px;padding-right:0px;padding-bottom:20px;padding-left:0px;border-top-width:0px;border-bottom-width:0px;border-color:#eae9e9;border-top-style:solid;border-bottom-style:solid;'><div class="fusion-builder-row fusion-row "><div  class="fusion-layout-column fusion_builder_column fusion_builder_column_1_1  fusion-one-full fusion-column-first fusion-column-last 1_1"  style='margin-top:0px;margin-bottom:10px;'>
					<div class="fusion-column-wrapper" style="padding: 0px 0px 0px 0px;background-position:left top;background-repeat:no-repeat;-webkit-background-size:cover;-moz-background-size:cover;-o-background-size:cover;background-size:cover;"  data-bg-url="">
						<style type='text/css'>.reading-box-container-1 .element-bottomshadow:before,.reading-box-container-1 .element-bottomshadow:after{opacity:0.70;}</style><div class="fusion-reading-box-container reading-box-container-1" style="margin-top:0px;margin-bottom:84px;"><div class="reading-box" style="background-color:#f6f6f6;border-width:1px;border-color:#f6f6f6;border-top-width:3px;border-top-color:#ff9800;border-style:solid;"><div class="reading-box-additional">
<h2>Chaque dimanche, la messe est célébrée en différentes églises de l&rsquo;ensemble paroissial. Cinq équipes de préparation de la liturgie se relaient pour permettre à notre communauté de mieux célébrer la Foi de l’Eglise. Et avec elles, autour de Père Gibson, plusieurs autres services se mobilisent : équipes paroissiales locales, animateurs de chant, chorale&#8230;</h2>
</div><div class="fusion-clearfix"></div></div></div><div class="fusion-clearfix"></div>

					</div>
				</div><div  class="fusion-layout-column fusion_builder_column fusion_builder_column_2_3  fusion-two-third fusion-column-first 2_3"  style='margin-top:0px;margin-bottom:20px;width:65.3333%; margin-right: 4%;'>
					<div class="fusion-column-wrapper" style="padding: 0px 0px 0px 0px;background-position:left top;background-repeat:no-repeat;-webkit-background-size:cover;-moz-background-size:cover;-o-background-size:cover;background-size:cover;"  data-bg-url="">
						<div class="fusion-title title fusion-title-size-two" style="margin-top:0px;margin-bottom:31px;"><h2 class="title-heading-left">L&rsquo;âme de nos célébrations dominicales</h2><div class="title-sep-container"><div class="title-sep sep-double sep-solid" style="border-color:#e0dede;"></div></div></div><div class="fusion-text"><p style="text-align: justify;">Sur notre ensemble paroissial, nous comptons 6 petits groupes de fidèles qui s’occupent de préparer les messes dominicales par le partage de la Parole, le choix de mouvements particuliers et des chants. Ces équipes sont composées de fidèles venant de différents villages et d&rsquo;horizons divers, ayant différentes compétences dans l’acte liturgique. Les équipes liturgiques ont à préparer toute la célébration, mais à chacun des acteurs principaux reviennent « seulement et totalement » les différentes activités. Parmi ces différents acteurs, les équipes locales de chaque village s’occupent de la mise en œuvre de ces préparations : réalisation des mouvements proposés, fleurissement de l’église en accord avec la liturgie, choix des lecteurs… Autre élément important de la liturgie : l&rsquo;animation. Elle se doit d&rsquo;être sobre et discrète -la messe n&rsquo;est pas un spectacle- tout en soutenant la participation active de l&rsquo;assemblée. Une équipe d&rsquo;une dizaine de chantres (animateurs de chants), la chorale paroissiale, quatre musiciens organistes assurent cette fonction.<br />
Les temps forts liturgiques (Noël, Pâques&#8230;) sont préparés en équipe ouverte, c’est-à-dire, avec les CPL, les sacristains/tines, les responsables de la chorale, les catéchistes et responsables d’aumônerie, et bien sûr les prêtres.</p>
</div><div class="fusion-clearfix"></div>

					</div>
				</div><div  class="fusion-layout-column fusion_builder_column fusion_builder_column_1_3  fusion-one-third fusion-column-last 1_3"  style='margin-top:0px;margin-bottom:20px;width:30.6666%'>
					<div class="fusion-column-wrapper" style="padding: 0px 0px 0px 0px;background-position:left top;background-repeat:no-repeat;-webkit-background-size:cover;-moz-background-size:cover;-o-background-size:cover;background-size:cover;"  data-bg-url="">
						<span class="fusion-imageframe imageframe-none imageframe-1 hover-type-none"><img loading="lazy" src="http://www.paroisse-aucamville-st-loup-cammas.fr/site/wp-content/uploads/IMG_6845-E-800x600.jpg" width="800" height="600" alt="" title="Equipe liturgique" class="img-responsive"/></span><div class="fusion-clearfix"></div>

					</div>
				</div></div></div><div class="fusion-fullwidth fullwidth-box hundred-percent-fullwidth non-hundred-percent-height-scrolling"  style='background-color: rgba(255,255,255,0);background-position: center center;background-repeat: no-repeat;padding-top:0px;padding-right:0px;padding-bottom:0px;padding-left:0px;'><div class="fusion-builder-row fusion-row "><div  class="fusion-layout-column fusion_builder_column fusion_builder_column_1_1  fusion-one-full fusion-column-first fusion-column-last 1_1"  style='margin-top:30px;margin-bottom:30px;'>
					<div class="fusion-column-wrapper" style="padding: 0px 0px 0px 0px;background-position:left top;background-repeat:no-repeat;-webkit-background-size:cover;-moz-background-size:cover;-o-background-size:cover;background-size:cover;"  data-bg-url="">
						<div class="fusion-title title fusion-title-center fusion-title-size-two" style="margin-top:0px;margin-bottom:31px;"><div class="title-sep-container title-sep-container-left"><div class="title-sep sep-single sep-solid" style="border-color:#ff9800;"></div></div><h2 class="title-heading-center">Contacts</h2><div class="title-sep-container title-sep-container-right"><div class="title-sep sep-single sep-solid" style="border-color:#ff9800;"></div></div></div><div class="fusion-clearfix"></div>

					</div>
				</div><div  class="fusion-layout-column fusion_builder_column fusion_builder_column_1_5  fusion-one-fifth fusion-column-first 1_5"  style='margin-top:0px;margin-bottom:20px;width:16.8%; margin-right: 4%;'>
					<div class="fusion-column-wrapper" style="padding: 0px 0px 0px 0px;background-position:left top;background-repeat:no-repeat;-webkit-background-size:cover;-moz-background-size:cover;-o-background-size:cover;background-size:cover;"  data-bg-url="">
						<div class="fusion-person person fusion-person-left fusion-person-1 fusion-person-icon-top"><div class="person-desc"><div class="person-author"><div class="person-author-wrapper"><span class="person-name"></span><span class="person-title">Coordinatrice de l'équipe</span></div></div><div class="person-content fusion-clearfix">Téléphone : </div></div></div><div class="fusion-clearfix"></div>

					</div>
				</div><div  class="fusion-layout-column fusion_builder_column fusion_builder_column_1_5  fusion-one-fifth 1_5"  style='margin-top:0px;margin-bottom:20px;width:16.8%; margin-right: 4%;'>
					<div class="fusion-column-wrapper" style="padding: 0px 0px 0px 0px;background-position:left top;background-repeat:no-repeat;-webkit-background-size:cover;-moz-background-size:cover;-o-background-size:cover;background-size:cover;"  data-bg-url="">
						<div class="fusion-person person fusion-person-left fusion-person-2 fusion-person-icon-top"><div class="person-shortcode-image-wrapper"><div class="person-image-container hover-type-none person-rounded-overflow" style="-webkit-border-radius:0px;-moz-border-radius:0px;border-radius:0px;border:0px solid #f6f6f6;-webkit-border-radius:0px;-moz-border-radius:0px;border-radius:0px;"><img class="person-img img-responsive" src="http://www.paroisse-aucamville-st-loup-cammas.fr/site/wp-content/uploads/Portrait-C.Tulliez.jpg" alt="Christiane Thuilliez" /></div></div><div class="person-desc"><div class="person-author"><div class="person-author-wrapper"><span class="person-name">Christiane Thuilliez</span><span class="person-title">Membre de l'équipe</span></div></div><div class="person-content fusion-clearfix">Téléphone : 05 61 09 82 08</div></div></div><div class="fusion-clearfix"></div>

					</div>
				</div><div  class="fusion-layout-column fusion_builder_column fusion_builder_column_2_5  fusion-two-fifth 2_5"  style='margin-top:0px;margin-bottom:15px;width:37.6%; margin-right: 4%;'>
					<div class="fusion-column-wrapper" style="padding: 0px 0px 0px 0px;background-position:left top;background-repeat:no-repeat;-webkit-background-size:cover;-moz-background-size:cover;-o-background-size:cover;background-size:cover;"  data-bg-url="">
						<div class="fusion-testimonials classic fusion-testimonials-1" data-random="0" data-speed="4000"><style type="text/css" scoped="scoped">#fusion-testimonials-1 a{border-color:#747474;}#fusion-testimonials-1 a:hover, #fusion-testimonials-1 .activeSlide{background-color: #747474;}.fusion-testimonials.classic.fusion-testimonials-1 .author:after{border-top-color:#f6f6f6 !important;}</style><div class="reviews"><div class="review no-avatar"><blockquote><q style="background-color:#f6f6f6;color:#747474;" class="fusion-clearfix">« La liturgie est considérée comme l’exercice de la fonction sacerdotale de Jésus Christ…exercice dans lequel le culte public intégral est exercé par le corps mystique de Jésus Christ, c’est-à-dire par le chef et par ses membres» (SC n°7)</p>
<p>« Les actions liturgiques ne sont pas des actions privées, mais des célébrations de l’Eglise qui est le sacrement de l’unité». (SC n°26)</q></blockquote><div class="author" style="color:#747474;"><span class="company-name"><strong>Sacrosanctum Concilium</strong></span></div></div></div></div><div class="fusion-clearfix"></div>

					</div>
				</div></div></div></p>
